hat are the prime factors of r?
7, 73
Let z(d) = -2*d**3 - 11*d - 2*d**3 - 7*d + 13*d**2 - 10 + 3*d**3. Suppose -b + 13 = -f, 2*b + 5*f - 4 = 8. List the prime factors of z(b).
2, 17
Let y(m) = -m**2 + 20*m - 32. Let b be y(18). Suppose 0*k + k - 16 = -b*z, k - 3*z + 5 = 0. Suppose k*l - l = 168. List the prime factors of l.
2, 7
Let d(y) = 14*y - 730. Let c(p) = 4*p - 243. Let x(t) = 17*c(t) - 6*d(t). List the prime factors of x(-18).
3, 179
Suppose -17*j + 7088 = -j. Let s = -106 + j. What are the prime factors of s?
337
List the prime factors of 1236 - ((-12 - -11) + (-24)/(-3)).
1229
Suppose 18*w - 694247 + 3376584 = 49*w. What are the prime factors of w?
7, 47, 263
Let n be (1 + 59)*132/10. Let i = n - 347. What are the prime factors of i?
5, 89
Let f be (16/(-40))/(1/(-5))*1. Let i(p) = 30*p**2 + 3*p**3 - 60*p**f + 26*p**2 + 3 + 6*p - p**3. List the prime factors of i(5).
3, 61
Suppose -30*f = 50*f - 3*f - 1687070. What are the prime factors of f?
2, 5, 7, 313
Let b(y) = 26*y**3 + 5*y**2 - 20*y + 97. List the prime factors of b(6).
23, 251
Suppose 671 = 5*c - 294. Suppose c = 29*s - 1489. List the prime factors of s.
2, 29
Suppose -3*k + g + 26266 = 0, -2*g - 4317 = 5*k - 48090. List the prime factors of k.
5, 17, 103
Let n = -406 - -91. Let d = n + 448. What are the prime factors of d?
7, 19
Suppose 750*k - 167260 = 733*k + 463695. List the prime factors of k.
5, 13, 571
Suppose 2*p = -64*p - 396518 + 1719158. List the prime factors of p.
2, 3, 5, 167
Let f(g) = -11*g - 59. Suppose 7*s + 7 = -105. What are the prime factors of f(s)?
3, 13
Suppose 0 = g + 10*g. Suppose 5*c + 2*h - 392 = g, c + 2*h = 6*c - 408. List the prime factors of c.
2, 5
Let r = -63 + 32. Let y = 32 + r. Let d = 90 + y. What are the prime factors of d?
7, 13
Let r(k) = -9*k + 13. Let i be r(13). Let a = i - -99. List the prime factors of 40 + a + 1 - -4.
2, 5
Suppose 0 = 19*g - 26*g + 3444. Suppose 2*u = 4*d - 2*d + 936, u + 5*d = g. List the prime factors of u.
2, 59
Suppose 14*p - 5*g + 325 = 16*p, 5*p = 2*g + 740. What are the prime factors of p?
2, 3, 5
Suppose 9*f + 52 = 13*f. Suppose 16 = f*b - 9*b. Suppose 1 = -b*o + 3*o, u - 55 = 2*o. What are the prime factors of u?
53
Let f be (1 + 0)/((-4)/(-20)). Suppose f*l + 1 = -19. List the prime factors of (2 + (-387)/(-12))*l*-1.
137
Let l = 4605 - 4585. Let z be 1 + 1*(-2 + 3). Suppose -z - l = -p. What are the prime factors of p?
2, 11
Let p = 12339 - 1392. What are the prime factors of p?
3, 41, 89
Let q(z) = -z**2 + 8*z - 14. Suppose d - 5*k - 20 = 0, 5*d - 4*k - k - 40 = 0. Let v be q(d). List the prime factors of 330/(-40)*((-5)/3 - v).
2, 11
Suppose 3*d + 295 = 5*b, 37 + 192 = 4*b - d. What are the prime factors of (-649)/(-8) - (1 - b/64)?
3
Suppose 4*v + 28 = 4. What are the prime factors of 9/(-216)*-12508 - (-1)/v?
521
Let v(s) = 36*s**2 - 66*s - 305. What are the prime factors of v(-18)?
12547
Suppose -8*k - 7*k + 1262208 = 4*k. List the prime factors of k.
2, 3, 173
Let n(a) = 14*a**2 + 65*a + 277. List the prime factors of n(38).
22963
Let h = -6554 - -8436. List the prime factors of h.
2, 941
Suppose 3*b = -3*z + 315, -25 = -z + 4*b + 65. Suppose 10*r - 9*r = 28. Let p = z + r. List the prime factors of p.
2, 5, 13
Let t(l) = l**3 + 10*l**2 - 11*l + 9. Let y(q) = q**2 + 7*q - 1. Let h be y(-5). Let r be t(h). Suppose r*z - 46 + 1 = 0. What are the prime factors of z?
5
Let q(n) = 2*n**2 + 7*n + 20. Suppose -24*y + 80 = -8*y. Suppose 4*r + 25 + 11 = 3*w, -3*w + 45 = -y*r. List the prime factors of q(r).
7, 17
Let v = 54 + 546. Let f = v + -397. Suppose g = -6*g + f. What are the prime factors of g?
29
Let m(w) = 7*w - 7*w - 14*w**2 + 16*w + 2 + 27*w**2 + 1. List the prime factors of m(10).
7, 11, 19
Suppose 9*b - 13*b + 16 = 0. Suppose 0 = 5*m - b*m + 2*u - 232, -5*u + 692 = 3*m. List the prime factors of m.
2, 7
Let k(o) = -o**3 + 11*o**2 - 10*o - 8. Let u be k(8). Let i = u + -113. What are the prime factors of i + 205 - (0 + 0 - -2)?
2, 97
Suppose -4*n - 124 = -512. Let m = n + -85. List the prime factors of 2406/m - 3/(-6).
3, 67
What are the prime factors of ((-9)/12 + 127/4)/((-4)/(-1316))?
7, 31, 47
List the prime factors of (-973181)/(-264) + (-2)/(-6) + 54/144.
3, 1229
Let v(w) = -11*w**2 + 18*w + 199. Let l(x) = -4*x**2 + 6*x + 66. Let y(i) = -17*l(i) + 6*v(i). What are the prime factors of y(-7)?
2
Let j(k) = -k**2 - k + 68. Let p(n) = -2*n**2 - n + 135. Let x(t) = -11*j(t) + 6*p(t). Let i = 2 - 2. What are the prime factors of x(i)?
2, 31
Let d be (4 + 343)*(4 - 5). Let z = d - -2061. List the prime factors of z.
2, 857
Let z(v) = -24*v + 218. Let r(f) = 4. Let g(c) = -3*r(c) + z(c). What are the prime factors of g(-7)?
2, 11, 17
Let t(r) = 5*r - 53. Let p(k) = -6*k + 52. Let a(v) = 6*p(v) + 5*t(v). Let g(h) = -11*h + 46. Let s(z) = 5*a(z) - 6*g(z). List the prime factors of s(6).
5
Suppose 3*y - 12*y - 7191 = 0. Let k = -567 - y. List the prime factors of k.
2, 29
List the prime factors of 30/3 + (-8 + 5886)/2.
3, 983
Let m = -1236 - -6888. What are the prime factors of m?
2, 3, 157
Let g(a) = -a**3 + 3*a**2 + a + 9. Suppose 14*x = 5*x - 36. Let m be g(x). Let u = 173 - m. List the prime factors of u.
2, 7
Let y(m) = 10*m**2 - 14*m - 27. Let h be ((-3)/(-3) - 1)*-1 + -5. List the prime factors of y(h).
293
Suppose 4*k + 4*u = 60308, 0 = -398*k + 399*k + 5*u - 15097. List the prime factors of k.
2, 3, 157
Suppose 9*u - 86 = -5*j + 6*u, 2*j = -3*u + 29. Suppose -13*t - 564 = -j*t. What are the prime factors of t?
2, 47
Suppose -31*n = -30*n - 4. Let c be 5*((-4)/(-20) - n/(-10)). List the prime factors of 0 - c - (-2 + -4)*1.
3
Suppose 1 = p + 3. Let s be ((-8)/(-3))/(p/15). Let b = 29 + s. List the prime factors of b.
3
Let c(j) = -2*j + 12. Let v be c(5). Suppose -3*l + 49 = -0*l + 2*q, -v*l = 2*q - 34. Suppose 0 = -s + t + l, -2 + 8 = 2*t. List the prime factors of s.
2, 3
Let u(x) = -x**3 + 66*x**2 - 274*x + 95. List the prime factors of u(46).
3, 19, 523
Suppose 48*s + 24113 = 117281. What are the prime factors of s?
3, 647
Let t = 185 - 14. Suppose 829 + t = 4*g + 5*z, 0 = -g - 2*z + 253. List the prime factors of g.
5, 7
Suppose 5*t + n = 47 + 116, -5*n - 142 = -4*t. Suppose 24*h = t*h - 2367. List the prime factors of h.
263
Let t = 26477 + -16292. What are the prime factors of t?
3, 5, 7, 97
Suppose 0 = -t - 2*u + 2422, 0 = -3*t - t - 2*u + 9670. Let p = t - 1617. What are the prime factors of p?
17, 47
Let l be (-198)/(-15) + (-4)/(-5). Suppose w = l + 6. Suppose w*z = 15*z + 295. What are the prime factors of z?
59
Let c = -158 + 287. Let n = 1855 + -1891. Let x = c + n. What are the prime factors of x?
3, 31
Let b = 409 - 404. Suppose 675 = b*y + x + 4*x, 0 = 4*y - 3*x - 519. What are the prime factors of y?
2, 3, 11
Suppose 0 = -4*s - 4*v + 3548, 2*s + 6*v - 2*v - 1768 = 0. Suppose -6 = -2*y, 0 = -3*a - 5*y + s + 85. What are the prime factors of a?
2, 5
Let k(d) = 7*d + 9. Let a be k(-1). Suppose a*l = -l + 1221. What are the prime factors of l?
11, 37
What are the prime factors of -1 + 6 + (2569 - (6 + -3))?
3, 857
Let h = -38 - -64. Let c be (-2756)/h - 2/2. Let z = 105 - c. List the prime factors of z.
2, 53
Suppose 162*w - 9185 = 161*w. List the prime factors of w.
5, 11, 167
Let y(z) = 11*z**2 + 12*z - 7. Suppose -2*x + 3*r + 12 = x, 0 = -3*x + 4*r + 14. What are the prime factors of y(x)?
61
Let l = 5747 + -272. List the prime factors of l.
3, 5, 73
Suppose -4*o + 102 = 2*f, -3*o - 66 = -0*f - f. Suppose -15*a = -f - 123. Suppose a*z + 870 = 17*z. List the prime factors of z.
2, 3, 29
Suppose -12*a - 191 = 313. What are the prime factors of a/(-18)*42 - 2?
2, 3
Let p(r) = 483*r**3 + 2*r**2 - 3*r. List the prime factors of p(2).
2, 1933
Suppose 4*i - 25286 = -2*v, -3*i + 2*v - 12636 = -5*i. List the prime factors of i.
5, 11, 23
Let w(j) = j**3 - 2*j + 32. Let o be w(0). Suppose 198 = -5*h + 5*p - o, -3*p + 90 = -2*h. Let u = -20 - h. List the prime factors of u.
2, 7
Let x(y) = 12*y**2 - 18*y - 14. Let m be x(12). Suppose 4*j = 3*c + m + 569, -2*j + 1006 = 4*c. List the prime factors of j.
3, 19
Let i be (11 + -9)*5/2. Suppose 4*z + 4*x - 520 = 0, 0 = 4*z - 5*z + i*x + 160. What are the prime factors of 141 + ((-4)/(-18) - (-240)/z)?
11, 13
Let z(w) = 45*w**3 - 12*